et i be (3/1)/((-92)/14 - -7). Calculate k(i).
-9
Let o(s) = -s**3 - 5*s**2 + 15*s + 57. Let r be o(-6). Let k(t) = -14*t. What is k(r)?
-42
Let v(f) = -f - 2. Let a(w) = -17*w + 285. Let d be a(17). Give v(d).
2
Suppose 3*h + 2 = -3*o - 67, -3*o - 53 = -5*h. Let c = -11 - o. Let k be ((-12)/(-8) - 2)*c. Let x(d) = d**3 + 4*d**2 - 6*d + 2. Determine x(k).
7
Let n(q) = q**3 - 6*q**2 + 6. Suppose 170 = 2*l + 32*l. Give n(l).
-19
Let v(t) = t**2 + 54*t + 2. Let k be v(-54). Let f(o) be the second derivative of 1/2*o**4 + 1/2*o**k + 3*o + 0 - 1/6*o**3. Give f(1).
6
Let y(w) be the third derivative of w**4/24 - w**3/6 - 9*w**2. Let u(g) = -g**2 - 11*g - 22. Let s be u(-9). Give y(s).
-5
Let r be 100/(-60)*9/(-5). Suppose 14 - 2 = r*d. Let u = 7 - d. Let o(w) = w + 2. Calculate o(u).
5
Let f(o) be the third derivative of o**5/60 - o**4/6 + 3*o**3/2 + 8*o**2 + 4*o. Determine f(3).
6
Let l(g) = g + 1. Let j(p) = -p**2 + 2*p + 7. Let a(x) = j(x) - 5*l(x). Let w(c) be the first derivative of a(c). Determine w(3).
-9
Suppose 0 = -8*u + 2*u - 12. Let d(m) = -2*m + 1. Let o be d(u). Let h(k) = 2*k. Determine h(o).
10
Let v(t) be the first derivative of -t**2/2 + 5*t + 1. Let p be v(0). Let g(i) be the first derivative of -i**2/2 - i + 28. What is g(p)?
-6
Let l(t) = -13*t**2 + 56*t - 17. Let z(p) = 9*p**2 - 39*p + 11. Let o(h) = 5*l(h) + 7*z(h). Determine o(2).
-2
Let p(i) = -i + 7. Suppose 2*d + 19 = 5*g, -3*g - 3*d + 23 = -1. What is p(g)?
2
Let a(m) be the first derivative of -m**3/6 + 5*m**2 - 33*m + 3. Let o(j) be the first derivative of a(j). Give o(11).
-1
Let p(a) = 10*a. Suppose 3 + 21 = 8*t. Suppose 0 = t*d + 38 - 41. Calculate p(d).
10
Let n(i) = 0 + 3*i**2 - i**3 + 6*i - 6*i**2 + 0*i**3 + 1. Let c be (6/(-8))/(24/(-64)). Suppose 0 = -c*s - 11 + 3. Determine n(s).
-7
Let y(q) = -q**2 - 4*q + 1. Suppose -3*k - 125 = 4*m + 259, -5*k = -5*m + 605. Let x be -2*k/(-88) - (-2)/(-11). Give y(x).
4
Suppose -3*k = 2*b + 2, -4*k + 3*b - 11 = 4*b. Suppose -5*a = 4*f - 65 - 41, 2*a - 5*f = 49. Let o(z) = z + z**2 - 3 + a - 16. What is o(k)?
15
Suppose 0 = 19*g - 17*g + 16. Let f(b) = -b**2 - 8*b - 5. Calculate f(g).
-5
Suppose -40*t = -6*t + 68. Let h(m) = -3*m**3 - 2*m**2 + 2*m + 2. Calculate h(t).
14
Let b(i) = i**3 - 12*i**2 - 2*i + 18. Let v be b(12). Let l be -6 - 0*2/v. Let m be 6 - 3/l*-4. Let y(j) = j**2 - 6*j + 4. Determine y(m).
-4
Let g(n) = -60 + 2*n - 3*n + n + 5*n + 14. Give g(8).
-6
Let g(u) be the second derivative of 1/2*u**2 + 9/20*u**5 - u - 1/6*u**3 + 1/12*u**4 + 0. Suppose q = -s - 3*q + 13, 4*s + q - 7 = 0. Calculate g(s).
10
Let q = 0 + -4. Let u = q + 5. Let h(y) be the third derivative of -y**5/6 - 27*y**2 - 3*y. Determine h(u).
-10
Let z(n) = 3*n**2 - 2*n + 1. Let w be (-3 - -1)*17/34. Let u be w - 4*(-2 + (-2 - -3)). Determine z(u).
22
Let f(o) be the first derivative of -11*o**3/3 + o**2/2 - 17*o + 23. Let q(l) = 7*l**2 - l + 11. Let t(d) = 5*f(d) + 8*q(d). Give t(2).
1
Let x be (-1 - -1) + 0 + -1. Let a(b) = 240*b**2 + 2*b - 236*b**2 - 9 + 10. Give a(x).
3
Let a(c) be the first derivative of -2*c**2 + c - 72. Determine a(-4).
17
Let s(g) = -6*g - 4. Let j(q) = q + 2. Let l(v) = j(v) - s(v). Give l(-3).
-15
Let n(w) = 3*w**3 - 4*w**2 + 2*w + 1. Let t(g) = -g**3 + 8*g**2 + 11*g - 16. Let y be t(9). Calculate n(y).
13
Let f(l) be the third derivative of l**4/24 - l**3/6 + 90*l**2. Let d = -8 + 9. Give f(d).
0
Let d(y) be the first derivative of -8 + y + y**2 + 7/2*y**4 + 2/3*y**3. Let i be 1 + 2/1 - 4. Determine d(i).
-13
Let y(r) be the third derivative of r**4/12 - 10*r**3/3 - r**2 - 17*r. Give y(8).
-4
Let s(x) = -x - 9. Let p(q) = q**2 - 2*q - 11. Let f(u) = -2*p(u) + 3*s(u). Let v(j) = -j**2 - 1. Let i(k) = f(k) - 3*v(k). What is i(-5)?
18
Let m(l) be the first derivative of l**6/60 + l**5/60 - l**4/8 - l**3/2 + 39*l**2/2 - 12. Let j(w) be the second derivative of m(w). Calculate j(-2).
-9
Let s(j) = -j**3 + 50*j**2 + 104*j + 5. Let a be s(52). Let n(o) = -o**2 + 7*o - 2. Determine n(a).
8
Let o be (-2)/(-12) - (-4980)/360. Let g(n) = n**3 - 14*n**2 + 2*n - 25. What is g(o)?
3
Suppose 0 = l - 4*b + 10, -2 + 1 = -b. Let x(o) = o + 9. Let u(n) = -4 + 2*n + 9 + 14. Let m(c) = -2*u(c) + 5*x(c). What is m(l)?
1
Let t(c) = 2*c**2 - c + 1. Let o be t(-1). Let d(n) = -2*n**2 + 6*n - 6. Calculate d(o).
-14
Let x = 22 - 20. Let a(w) = -x - 1 + w + w + 4. Determine a(-6).
-11
Let d(m) = m - 11. Let f be d(13). Let o(w) = 2*w**2 + 4*w**2 - 4*w**2 + 1 - 3*w**3 + f*w. Calculate o(-1).
4
Let n(k) be the first derivative of -k**5/60 - k**4/4 - 2*k**3/3 + 8*k**2 + 1. Let c(q) be the second derivative of n(q). What is c(-5)?
1
Let p(c) = 2*c**3 - 10*c**2 + 5*c + 13. Let m(f) = -5*f**3 + 22*f**2 - 11*f - 26. Let b(q) = -3*m(q) - 7*p(q). Calculate b(-3).
2
Let a(n) be the second derivative of -1/6*n**3 + 0*n**2 + 7/12*n**4 + 0 + 6*n. Let v be a(1). Let s(t) = -t + 4. Calculate s(v).
-2
Let a(s) = 2*s**3 + 16*s**2 + 15*s - 5. Let h(g) = -3*g**3 - 24*g**2 - 23*g + 7. Let i(w) = -8*a(w) - 5*h(w). Let f = 16 - 23. Determine i(f).
-9
Let g(p) be the third derivative of -p**5/60 - 7*p**4/24 + 7*p**3/6 - 2*p**2. Suppose 21*b - 34*b - 104 = 0. Give g(b).
-1
Let b(s) = -5*s - 3*s**2 + 7*s + 6 - s**3 + 2*s**3 - 3*s. What is b(5)?
51
Let s(x) = 1 + 15*x + 3*x**2 - x - 7*x - 4*x**2 + 2*x**2. Determine s(-6).
-5
Let c = 29 - 22. Let u(z) = z**3 - 7*z**2 - 5. Determine u(c).
-5
Let x(p) = -14*p + 25. Let h(j) = 8*j - 13. Let k(g) = -5*h(g) - 3*x(g). What is k(5)?
0
Let i(c) = -48*c**2 + 21*c**2 + 26*c**2 - 2*c - 2*c. Calculate i(-5).
-5
Let k(h) = 4*h + 7. Suppose -6*o = -5*o - 1. Suppose -m + 0 = -o. Let s be 15/6*(m + -3). What is k(s)?
-13
Let l be 2/((1/(-2))/((-33)/6)). Let p(b) = 0 - l*b + 2 + 23*b. Give p(-4).
-2
Let c = -4 + 7. Suppose 5*b + 18 = -c*j - 12, -4*b - 24 = -5*j. Let s(a) = 2 - 9 - 2*a - 1 + a. What is s(b)?
-2
Let k(y) = -2 + 3*y + 3*y - y**2 + 4. Let t be k(6). Let z(b) = -6*b**2 + b - 4. Let a(u) = -u**2 - 1. Let l(p) = -4*a(p) + z(p). What is l(t)?
-6
Let f(r) = -2 - 2 - 1 + 3*r + 5*r + 8. Give f(-3).
-21
Let l(w) = w**3 + 5*w**2 + 6*w + 6. Let u = 68 - 72. Determine l(u).
-2
Let a(y) be the third derivative of y**6/144 + 5*y**4/24 - 5*y**2. Let t(f) be the second derivative of a(f). Let o be (1 - -1)/(-5 - -3). Give t(o).
-5
Let p(m) = 3*m**3 - 3*m**2 + 7*m + 12. Let c(v) = 8*v**3 - 10*v**2 + 20*v + 34. Let z(a) = -4*c(a) + 11*p(a). Calculate z(-7).
17
Let m be (2 - 1)/(60/(-120)). Let x(r) = 3*r**2 - 6. Calculate x(m).
6
Let c(n) = -3*n**3 + 7*n - 5*n + 3 + 2*n**3. Determine c(-2).
7
Let i be ((-8)/4 - 2) + 11. Let c(w) = -i*w + 0*w + 3*w - w + 4. Let f(a) = -a + 1. Let b(q) = -c(q) + 4*f(q). Give b(0).
0
Let x = 6 - 15. Let w = -7 - x. Let j(h) = -h**w + 8*h + 6 - 16*h + 5*h. Calculate j(-5).
-4
Let q(i) be the third derivative of -i**5/60 - i**4/6 + i**3/3 - i**2. Let n = -56 - -53. Let s(d) = 2*d**2 + 9*d + 5. Let u be s(n). Determine q(u).
2
Let h(t) be the first derivative of t**3/3 + 2*t**2 - 3*t + 200. Let a = -9 + 5. What is h(a)?
-3
Let u(y) = y**3 - 8*y**2 + 8*y - 5. Let p = -40 + 43. Let x(m) = 4*m - 5. Let v be x(p). Calculate u(v).
2
Let h = -168 + 168. Suppose -8 = -2*m - 2*z, -5*z = -m + 3*m - 11. Let b(r) = 0*r**3 - 4*r - 2 + r**3 + h*r - m*r**2. Give b(4).
-2
Let b(t) = -t**3 - 25*t**2 + 58*t + 115. Let n be b(-27). Let p(o) be the first derivative of -5/2*o**2 - n - 3*o + 1/3*o**3. Calculate p(5).
-3
Let j(t) be the second derivative of t**5/10 - t**4/6 - t**3/3 - t**2/2 - 465*t. Suppose 0 = 4*z + 2 + 2. Let l be j(z). Let p(x) = -2*x - 2. Give p(l).
4
Suppose -3*c + 2*c = -4*i + 54, -4*c = -8. Let g = 20 - i. Let h(j) = -2*j - g*j**3 + 5*j**3 + 14*j**2 - 17*j**2. Determine h(-3).
6
Let z = -599 + 599. Let f(b) be the third derivative of 0 - 2*b**2 + z*b + 7/6*b**3 - 1/24*b**4. What is f(7)?
0
Let u(c) = -c**2 - 6*c - 2. Let x be 445/(-89) - (1 + -2). What is u(x)?
6
Let l(r) = 4 + 4*r + 0 + 2*r**2 - 3*r**2. Suppose 0 = -4*k + s - 4*s - 43, 0 = 4*k - 5*s + 35. Let g be (k/15)/(3/(-18)). Give l(g).
4
Let j(n) = 7*n**3 - n**2 + 6*n + 10. Suppose -9*q + 17 + 136 = 0. Let y(d) = 20*d**3 - 2*d**2 + 17*d + 29. Let h(x) = q*j(x) - 6*y(x). What is h(-5)?
-4
Let u(b) = -5*b - 6. Let s be u(-3). Let f(y) = -5*y - 2*y + 2*